ate the greatest common divisor of 6 and z.
6
Let m be -5 + -1 + 7 + 4. What is the greatest common divisor of 2755 and m?
5
Let r be 4*(-12)/(-28)*7. Let h(p) = -p**3 + 14*p**2 - 11*p - 19. Let f be h(13). Suppose f*u - 150 = 2*u. What is the highest common factor of u and r?
6
Suppose 3*a = 4*s - 5 - 9, -3*a = -s - 1. Let m be -2*(a + 1)/(-6). Let y be m*10 + (-52)/(-13). What is the highest common divisor of 70 and y?
14
Let k be 10/(-105) + (-48728)/(-84). Let z be (k/(-15))/(2/(-15)). Let v = 12 + 17. Calculate the highest common factor of v and z.
29
Let x = -95 - -97. Let a be 0/(-12) - (-34)/x. Calculate the greatest common divisor of a and 34.
17
Let a be (34/3)/((-8)/(-444)). Suppose -122*c - 813 = -2887. What is the greatest common divisor of c and a?
17
Suppose -5*u + 3519 = 4*u. Let i = u - 303. Calculate the highest common factor of 88 and i.
88
Let y(i) be the first derivative of i**3 - i**2 - 8*i - 58. Suppose 12 = 8*f - 5*f. Let p be y(f). What is the greatest common factor of p and 224?
32
Let j(o) = o**3 + 2*o**2 + 9*o + 104. Let i be j(0). Calculate the highest common divisor of 8 and i.
8
Suppose 0 = d - 0*d - 48. Let p be (-6)/10 + (-44856)/(-60). Let x = 759 - p. What is the highest common divisor of x and d?
12
Let o(t) = 36*t**2 - 36*t + 34. Let f be o(1). What is the greatest common divisor of 17 and f?
17
Suppose -2*w = 2*w - 12. Suppose -w*o = -o + 38. Let v be (-10)/4*(13 + o). What is the highest common divisor of v and 30?
15
Suppose 116*c + 5*m = 112*c + 25994, -c + 4*m = -6509. What is the highest common factor of c and 11?
11
Let q = 43702 + -43498. Calculate the highest common factor of 16388 and q.
68
Let h be ((-190)/(-114))/(((-24)/(-9225))/8). Calculate the highest common factor of 123 and h.
41
Suppose 4*d - 2*m = -0*m - 46, 3*m = -15. Let r = 0 + d. Let s be (-2)/(-3)*(5 - 749/r). What is the greatest common divisor of 13 and s?
13
Let g(v) = -51*v - 471. Let t be g(-12). Calculate the highest common divisor of t and 10011.
141
Suppose -3*n = -5*k + 926, 6*n = 8*k + 2*n - 1484. What is the greatest common divisor of k and 34?
17
Suppose -s - 2357 = 5*g, 0 = -14*g + 16*g + 2*s + 946. Let p = 549 + g. Calculate the highest common divisor of 585 and p.
39
Let g = -13 + 37. Let u(j) = j**2 - 8*j - 6. Let l be u(9). Suppose 2*d - 348 = -l*q, -5*d = -7*d + 5*q + 316. Calculate the highest common factor of d and g.
24
Let u be 93/4 - (-108)/144. Suppose -5*y + 11 = -4. Suppose -48 = -7*o + y*o. Calculate the highest common divisor of o and u.
12
Let z be -6*95*12/(-36). What is the greatest common factor of z and 20?
10
Let u be ((-1)/(-2))/(3/(-180)*2). Let t be 24/u*(-35)/4. Calculate the highest common factor of t and 8.
2
Let j(h) = h**3 + 4*h**2 + 3. Let p be j(-4). Let q = 195 - 191. Suppose 165 = 5*g - 5*k, -2*k = 4*g + q - 136. What is the greatest common factor of p and g?
3
Let w(z) = -z**2 + 8*z + 106. Let o be w(-7). Suppose -16*t + 11*t = -205. Calculate the highest common factor of o and t.
1
Suppose -635 = 76*m - 2508 - 1471. What is the highest common divisor of 11132 and m?
44
Suppose 60 - 18 = 2*r. Let g be (-1*14)/(((-171)/(-27))/(-19)). Let a be 1/((-12)/(-8)*2/g). Calculate the greatest common factor of a and r.
7
Let n(o) = o**3 + 4*o**2 + 2*o. Let j be n(-3). Let x be 57 + -6 - (-12)/j. Let v = x + -44. Calculate the highest common divisor of v and 110.
11
Let a(k) = 55*k**2 + 545*k - 1088. Let v be a(2). Calculate the highest common factor of v and 1998.
222
Let b = 33880 + -32622. What is the greatest common divisor of b and 306?
34
Let m(k) = -2*k**3 + 10*k**2 + 2*k - 4. Let w be m(5). Suppose 3*s + w*s = 378. What is the highest common divisor of s and 12?
6
Suppose -596*j = -579*j - 28577. What is the greatest common factor of j and 328?
41
Suppose -136 + 234 = 7*l - 602. What is the greatest common factor of 310 and l?
10
Let t be 4*(-2 + (-9)/(-4))*2. Let c(u) = 21*u - 12. Let b be c(t). Suppose 3*m - b = 42. What is the highest common factor of 8 and m?
8
Let d = 22 - 16. Let q(m) = 2*m**3 + 13*m**2 + 5*m + 39. Let t be q(-7). Let s be (t/(-75))/((-1)/(-90)). What is the highest common factor of d and s?
6
Let j = -6820 - -6828. Calculate the greatest common divisor of 14808 and j.
8
Let o(c) = -c**2 - 9*c - 7. Let p be o(-6). Let k(v) = -1067*v - 8492. Let g be k(-8). Calculate the highest common divisor of p and g.
11
Let d(a) = 2*a - 28. Let y be d(-16). Let c = y - -54. Let o be (13/c)/((-1)/3)*2. Calculate the highest common divisor of o and 91.
13
Let w be (-466005)/(-285) - 6/(-171)*-3. What is the highest common factor of w and 285?
15
Let b(a) = -a**2 + 22*a + 55. Let t be b(24). Let y(z) = 54*z - 148. Let d be y(t). What is the highest common factor of d and 138?
46
Let p(y) = 927*y + 47299. Let s be p(-51). Suppose -l - 12 = -a, 4*a - 41 = -4*l + l. What is the greatest common divisor of s and a?
11
Let q be (4/(-10))/(1/10). Let d(k) = 7*k**2 + 4*k - 4. Let g be d(q). Suppose g = -5*r + 9*r. Calculate the greatest common divisor of 161 and r.
23
Suppose -2*u + 4*u = 6. Let s be (4 - 1 - 1) + u. Suppose -4*h = -2*v - 2*h + 46, 0 = 4*v - s*h - 92. Calculate the greatest common divisor of 23 and v.
23
Let h be -2 - (-41 - (-5 + 11)). Suppose 20*c - 19*c = h. What is the highest common factor of c and 27?
9
Suppose 20*r + 11436 = -r + 44553. What is the highest common factor of 57 and r?
19
Let y = -83 - -158. Let j be y/21 - 9/(-21). Suppose f - 2*n = 76, 3*f - 207 = 3*n - j*n. Calculate the greatest common divisor of f and 14.
14
Let t be ((-1)/(-3) - 0)*(-5 + 1718). Suppose 573*c = t*c + 442. What is the highest common factor of c and 13?
13
Let c(w) = w**3 - w**2 - 43*w + 32. Let b be c(13). Calculate the greatest common factor of 76 and b.
19
Let h be 19 + 5 + 0 + -5. Let n be -2 + 0 + 1 - -11*h. Suppose 6*f - 2*f = 2*d - 88, -5*d + 4*f = -n. What is the highest common factor of 30 and d?
10
Suppose 50*p + 4*x + 852 = 54*p, -p - 5*x + 279 = 0. Suppose 0 = 5*m + 10, 0*m - m = -5*i + 422. What is the highest common divisor of p and i?
28
Let g = 551 + -104. Suppose 428 = 5*y - g. Let p = 307 - y. What is the highest common factor of p and 12?
12
Let x be 11/3*(-4 - -19). What is the greatest common divisor of 242 and x?
11
Let t be (342/(-285))/((-106)/100 - -1). Let p be 7*-2*(-3)/(-6). Let a = 1 - p. What is the greatest common divisor of t and a?
4
Let g(m) = m**3 + 3*m**2 + 2. Let j be g(-3). Let k be j/(-3)*(-948)/8. Suppose -29 = 2*l - k. Calculate the highest common factor of l and 225.
25
Suppose -5*w - 3395 = -n, 14*n + 10113 = 17*n - 3*w. What is the greatest common divisor of 5 and n?
5
Suppose 2*v - 4 = -4*d, 27 - 1 = 3*v - 4*d. Suppose v*f = -70 - 158. Let c be 24/9*-3*f/4. Calculate the highest common divisor of c and 190.
38
Let y(r) = -r**2 + 6*r - 6. Let f be y(3). Let k be 212/14 - f/21. Let a = -157 + 262. Calculate the highest common factor of k and a.
15
Let y = 1377 + -439. Calculate the highest common factor of 28 and y.
14
Suppose -r - 5*p = -2*p - 14, 0 = -r + 4*p + 14. Let t = 428 - 190. Calculate the highest common divisor of r and t.
14
Suppose -1085 = -18*b + 661. What is the highest common factor of 10864 and b?
97
Let m be -9*2/30*-5. Suppose 4*q - m*c + 135 = 7*q, c = 2*q - 78. What is the highest common factor of q and 451?
41
Let z = -226 + 308. Let y(n) = n**2 + 4*n - 7. Let m be y(-11). Let w = z - m. What is the highest common factor of 48 and w?
12
Suppose -4*l = -2*l - 72. Let z = 694 + -658. What is the greatest common divisor of z and l?
36
Suppose -34 - 113 = 21*s. Let t be (1 + -2)*(s + -20). What is the highest common divisor of t and 3?
3
Let g = 13599 + -13423. What is the highest common factor of 32 and g?
16
Let o(q) = q**2 + 41*q + 407. Let i be o(-20). Let z = 8 - -17. Let h = z + i. Calculate the greatest common divisor of 12 and h.
12
Let v be (-47)/((-4)/(-8) + (-2 - -1)). Suppose -3*a - 2*l = -546, -a + l + 88 = -v. What is the greatest common factor of 14 and a?
14
Let u = 5 + 51. Let p be 28 - (12/(-2) + 2). Suppose -27*t = 5*s - p*t - 35, 0 = -5*s - 2*t + 42. What is the greatest common factor of u and s?
8
Suppose 3*u = -51*h + 54*h - 216, 2*h - 144 = -5*u. Calculate the greatest common factor of 1026 and h